of ((-63)/z)/((-8)/1328)?
3, 83
What are the prime factors of (0 + (-4)/(-16))/(75/100)*10590?
2, 5, 353
Let g(a) = a**2 - 11*a + 6. Let j be g(11). Suppose j*d - 54 = -24. Suppose -d*m + 1468 - 18 = 0. List the prime factors of m.
2, 5, 29
Suppose 2*f - 18 = -2*f + 2*i, -3*f + 3 = 2*i. Suppose 2*k + 412 = f*k. Suppose p + 2*s - 132 = 0, 0 = 3*p + s - 3*s - k. List the prime factors of p.
2, 17
Let u = -531 - -105. Let g = 430 + u. List the prime factors of g.
2
Let i(d) = -8*d**3 + d**2 + 4*d + 3. Let a be i(-1). Suppose a = -16*f + 8*f. List the prime factors of ((-6)/f)/(5*(-3)/(-150)).
2, 3, 5
Suppose -2*g = 5*g + 84. Let o be g/16 - (-2274)/(-8). List the prime factors of (o/(-5) - 0) + 4.
61
Let h = 49 - 45. Suppose -h = -15*b + 13*b. What are the prime factors of (-1)/b*0 + (7 - -97)?
2, 13
Suppose 173823 = 5*a + 4*m, -6465*a = -6470*a + m + 173863. List the prime factors of a.
11, 29, 109
Let x be 1*(-7)/(35/10). Let v(y) = 127*y + 5. Let o(l) = 4*l + 1. Let k(z) = o(z) - v(z). What are the prime factors of k(x)?
2, 11
Let s = -6146 + 18712. List the prime factors of s.
2, 61, 103
Suppose -4*b - 5*b = -36. Let h(d) = -b*d**2 + 0 + 0*d**3 - 2*d + 9 + 2*d**3. List the prime factors of h(4).
5, 13
Let d(i) be the first derivative of -i**4/4 + 7*i**3/3 - 2*i**2 + 12*i - 3. Let q be d(6). Let c = q + 103. List the prime factors of c.
127
Suppose -2*u + 4597 + 16060 + 643 = 0. List the prime factors of u.
2, 3, 5, 71
Suppose -3 + 15 = -3*f, 0 = -3*i - f + 8. Suppose -19*p + 16*p = 3*y - 3741, y = -i*p + 4994. What are the prime factors of p?
1249
Let i(g) = g - 15. Let h be i(20). Suppose -h*k + 3*t + 45 = 0, 2*t - 29 = -3*k + 17. Suppose -8*n + k*n = 460. What are the prime factors of n?
5, 23
List the prime factors of 7/(-2) - -3 - (-56283)/6.
2, 5, 7, 67
What are the prime factors of ((-18)/8)/(((-2)/(-96))/((-8405)/820))?
3, 41
Let v be (-247)/(-4) + (-9)/12. Suppose -15 = -n + v. List the prime factors of (12/(-24))/((-2)/n).
19
Let m = -458 - -102. Let t = -156 - m. What are the prime factors of t?
2, 5
Let x(v) = 1350*v**2 + v - 193. List the prime factors of x(-6).
29, 1669
Let b(j) = 281*j**3 + 9*j**2 - 30*j - 4. What are the prime factors of b(4)?
2, 7, 643
Suppose 4*z = -53*u + 51*u + 36618, 0 = 5*z + 4*u - 45765. List the prime factors of z.
9157
Let c(w) = w + 8. Let s be c(-11). Let g = -62 - s. Let u = -52 - g. List the prime factors of u.
7
Let b(i) = i**2 + 3*i + 1. Let j be b(-4). Suppose -909 = -4*g - 5*s, -5*s - 1125 = -j*g - 0*s. Let d = g + -155. What are the prime factors of d?
71
Suppose -2*h = -70 + 60. Suppose 2*s + 456 = 4*t, -4*t + h*s + 359 = -103. List the prime factors of t.
113
Suppose 17*s - 70364 = 36967 - 4974. List the prime factors of s.
3, 223
Let z = -263 + -10. Let f be 7/42 + z/18. Let h = f - -67. List the prime factors of h.
2, 13
Let s(z) be the first derivative of -z**4/4 + 6*z**3 + 9*z**2 + 45*z + 49. Suppose 4*f - 4*r = 88, f + 3*r = 3*f - 47. List the prime factors of s(f).
2, 13
Let l be -2*(4 - 5/(20/22)). Suppose -4*y = 4*d - 128, d = l*y - 2 + 14. Suppose -14*x + 1161 = d. What are the prime factors of x?
3
Let o be -1 + 14 - (-13 - -11). Let h = -20 + o. What are the prime factors of (-12 + 4)*(75/6)/h?
2, 5
Suppose -507*d = -245*d - 250*d - 30624. List the prime factors of d.
2, 11, 29
Suppose -4*p + 56 = 4*p. Suppose -p*v = -15*v - 40. List the prime factors of (-632)/v + (-6)/(-10).
127
Let p = 54 - 51. Let o be (-2)/11 - 736/(-176). Suppose -o*j - 302 = -p*b, 2*b - 59 = 5*j + 154. List the prime factors of b.
2, 47
Suppose -4*q - 7 = -3. List the prime factors of 40158/54 + q/(-3).
2, 3, 31
Let n(c) = -c**2 - 9*c - 4. Let w(b) = -b**2 - 8*b - 3. Let q(o) = 2*n(o) - 3*w(o). Let d be q(5). Suppose s = -s + d. List the prime factors of s.
2, 7
Let u(c) = 726*c**2 - 516*c - 16. List the prime factors of u(6).
2, 1439
Let q(p) be the third derivative of -1097*p**4/24 + p**3/6 - 35*p**2. List the prime factors of q(-1).
2, 3, 61
Suppose 0 = -14*y + 18*y + 8, 4*r = 9*y + 269374. List the prime factors of r.
67339
Suppose 15*t - 242739 = 81966. List the prime factors of t.
21647
Let z(c) = 30*c - 21. Let u be z(1). Suppose 2964 = 4*r - 4*n, -12*r + 2229 = -u*r - 5*n. What are the prime factors of r?
2, 3, 41
Suppose -374*j + 4880263 = -2872009. List the prime factors of j.
2, 2591
Let y = -3832 + 4754. List the prime factors of y.
2, 461
Suppose -61*r + 1129471 + 697174 = 0. List the prime factors of r.
5, 53, 113
Let c(p) = p**2 + 4*p + 3. Let q be c(-4). Suppose 10 = y - 3*r, 7*r = 5*y + q*r - 28. Suppose -2*u = 3*l - 154, 0*u + 20 = y*u. List the prime factors of l.
2, 3
What are the prime factors of ((-5526)/1)/((-8)/(19 + 5))?
2, 3, 307
Let k(m) = 2438*m**2 - 10*m - 6. Let v(y) = 1220*y**2 - 6*y - 3. Let f(u) = -3*k(u) + 7*v(u). What are the prime factors of f(1)?
7, 173
Suppose -16*p - 88 = -8. Let c(x) = -73*x - 95. List the prime factors of c(p).
2, 3, 5
Suppose 2*f + t = -9 + 10, 0 = 4*t + 12. Suppose f*o = -5*u + 131, 3 = -u + 6. What are the prime factors of o?
2, 29
Let j be (4/1 - -21) + -4. Let i be (-1225)/((-30)/6) + -1. Suppose 19*n = j*n - i. What are the prime factors of n?
2, 61
Let s = -712 - -54. Let t = -361 - s. What are the prime factors of t?
3, 11
Suppose 86*l = 344*l - 8725818. List the prime factors of l.
31, 1091
Let k(o) = 22*o**2 - 4*o - 6. Suppose 3*r = 3 + 12. Suppose 2*p = 5*j - r - 14, 2*j = 6. List the prime factors of k(p).
2, 3, 5
Let y = -3034 - -6090. List the prime factors of y.
2, 191
Let r be -5*(60/250)/((-6)/(-15)). Let g(o) = 89*o**2 + 14*o + 14. List the prime factors of g(r).
773
Suppose -179*j = -2*p - 184*j + 7336, 0 = p + 4*j - 3662. List the prime factors of p.
2, 3, 613
Let a(q) = 1915*q - 2443. List the prime factors of a(15).
2, 17, 773
Suppose 0 = -4*u - 3*i - 32, -3*u = 4*i + 42 - 11. Let d be (2/u)/(14/(-175)). Suppose 2*a - d*a = -45. What are the prime factors of a?
3, 5
List the prime factors of (-51924)/(-8)*(2 + 48/(-18) - -2).
2, 4327
Suppose -i = -b, i + 0*b - 12 = -5*b. Suppose i*s - 11*s + 18 = 0. Suppose -5*f + 95 = -s*c, 0*c = 3*f - 2*c - 53. List the prime factors of f.
3, 7
Suppose 10*g + 33669 - 68959 = 0. What are the prime factors of g?
3529
Let k(n) = 4*n**3 - 18*n**2 - 15*n + 45. Let r(a) = 7*a**3 - 37*a**2 - 31*a + 90. Let b(i) = -5*k(i) + 3*r(i). List the prime factors of b(22).
7, 19
List the prime factors of ((-4121381)/726)/(2/(-12)).
34061
Let x = 11621 + -4866. What are the prime factors of x?
5, 7, 193
Suppose -3*m = -5*m + 158. Let x = m + -74. Suppose 1259 = x*k + 319. What are the prime factors of k?
2, 47
Let h be 9/(3 + 3/(-2)). Let j be 4/(8/h) + 3. What are the prime factors of ((-252)/(-35))/(j/45)?
2, 3
Let s = 1056 - 423. Let c = 1312 - s. What are the prime factors of c/4 - (-4 - (-45)/12)?
2, 5, 17
List the prime factors of (-42 - -162)*-1*-71*1/3.
2, 5, 71
Suppose -6*o + 11*o - 18370 = 5*f, 2*f - 11047 = -3*o. List the prime factors of o.
13, 283
Suppose -12*q = 22*q - 11*q - 936583. List the prime factors of q.
43, 947
Suppose -5*m + 4*r + 1843 = -730, -2*m + 4*r = -1022. Suppose -m + 3392 = 5*o. List the prime factors of o.
5, 23
Let i = -920 - -757. List the prime factors of (-118012)/i*1/2*2.
2, 181
Let j(t) = -718*t + 3040. List the prime factors of j(-58).
2, 11171
Let f(c) = 19*c - 7. Let t be f(3). Suppose -j - 1200 = 39*j. What are the prime factors of ((-324)/j)/(103/t - 2)?
2, 3, 5
Let q = 666 + -662. Suppose -q*t + 16 = 0, 4*a - 3*a - 2*t - 542 = 0. What are the prime factors of a?
2, 5, 11
List the prime factors of 2/((-2)/(-2475)) - (1 - (13 - 11)).
2, 619
Let y(z) = 38*z + 341. Suppose -4*x - 40 = -208. List the prime factors of y(x).
13, 149
Let x = 17427 - 9919. List the prime factors of x.
2, 1877
Let j(p) = 265*p**2 - 8*p - 108. List the prime factors of j(-6).
2, 3, 5, 79
Let s(l) = -l**2 - 2*l + 14. Let k be s(7). Let c = 60 + k. Let d = c - -76. What are the prime factors of d?
3, 29
Suppose -f - 42 = -4*v, -2*v + 3*f + 9 = -7. Suppose 16*n + 4*m - 2169 = v*n, 3*n - 1300 = -m. List the prime factors of n.
433
List the prime factors of 94170/57 + (-4)/38.
2, 7, 59
Let d(p) = -2508*p + 3228. What are the prime factors of d(-4)?
2, 3, 5, 13, 17
Suppose 15*d = -1193 + 5588. 